{"id":775,"date":"2026-03-09T12:00:19","date_gmt":"2026-03-09T11:00:19","guid":{"rendered":"https:\/\/baltykart.pl\/?page_id=775"},"modified":"2026-03-31T19:01:31","modified_gmt":"2026-03-31T17:01:31","slug":"maciej-woltman","status":"publish","type":"page","link":"https:\/\/baltykart.pl\/?page_id=775","title":{"rendered":"Maciej Woltman"},"content":{"rendered":"<h1 style=\"\">Maciej Woltman<\/h1>\n<h1 style=\"\">Maciej Woltman<\/h1>\n<p><span style=\"\"><img decoding=\"async\" alt=\"\" data-id=\"893\" width=\"344\" data-init-width=\"370\" height=\"344\" data-init-height=\"370\" title=\"M Wolt\" src=\"\/\/baltykart.pl\/wp-content\/uploads\/2026\/03\/M-Wolt.jpg\" data-width=\"344\" data-height=\"344\" style=\"aspect-ratio: auto 370 \/ 370;\" mt-d=\"0\" ml-d=\"-42\" center-v-d=\"false\" center-h-d=\"false\" loading=\"lazy\"><\/span><\/p>\n<p style=\"\"><strong><strong>Maciej Woltman<\/strong>&nbsp;\u2013 artysta plastyk, malarz, plakacista. Urodzi\u0142 si\u0119&nbsp;<a data-mce-href=\"http:\/\/encyklopedia.szczecin.pl\/wiki\/5_lutego\" href=\"http:\/\/encyklopedia.szczecin.pl\/wiki\/5_lutego\" title=\"5 lutego\">5 lutego<\/a>&nbsp;<a data-mce-href=\"http:\/\/encyklopedia.szczecin.pl\/wiki\/1952\" href=\"http:\/\/encyklopedia.szczecin.pl\/wiki\/1952\" title=\"1952\">1952<\/a>&nbsp;roku, w&nbsp;<a data-mce-href=\"http:\/\/encyklopedia.szczecin.pl\/wiki\/1982\" href=\"http:\/\/encyklopedia.szczecin.pl\/wiki\/1982\" title=\"1982\">1982<\/a>&nbsp;roku sko\u0144czy\u0142 Pa\u0144stwow\u0105 Wy\u017csz\u0105 Szko\u0142\u0119 Sztuk Plastycznych w Poznaniu. Dyplom zdoby\u0142 w dziedzinie plakatu i ilustracji ksi\u0105\u017ckowej w pracowni prof. W. \u015awierzego oraz malarstwa w pracowni prof. J. \u015awitki. Po studiach wykonywa\u0142 liczne projekty plakat\u00f3w oraz ilustracji ksi\u0105\u017ckowych. Wsp\u00f3\u0142pracowa\u0142 z wydawnictwami oraz \u00f3wczesnym Polfilmem w Warszawie, gdzie wykonywa\u0142 projekty plakat\u00f3w filmowych. W&nbsp;<a data-mce-href=\"http:\/\/encyklopedia.szczecin.pl\/wiki\/1983\" href=\"http:\/\/encyklopedia.szczecin.pl\/wiki\/1983\" title=\"1983\">1983<\/a>&nbsp;roku otrzyma\u0142 III Nagrod\u0119 w Hollywood za plakat do filmu \u201eBallada o Narayamie\u201d. Od&nbsp;<a data-mce-href=\"http:\/\/encyklopedia.szczecin.pl\/wiki\/1987\" href=\"http:\/\/encyklopedia.szczecin.pl\/wiki\/1987\" title=\"1987\" style=\"outline: none;\">1987<\/a>&nbsp;roku wsp\u00f3\u0142pracowa\u0142 ze szczeci\u0144skim KAW-em, Wydawnictwem \u201eGlob\u201d i Wydawnictwem \u201ePrzygoda\u201d. Na swoim koncie ma liczne wystawy indywidualne i zbiorowe w kraju i zagranic\u0105. Laureat&nbsp;<a data-mce-href=\"http:\/\/encyklopedia.szczecin.pl\/wiki\/Nagroda_Artystyczna_Miasta_Szczecina\" href=\"http:\/\/encyklopedia.szczecin.pl\/wiki\/Nagroda_Artystyczna_Miasta_Szczecina\" title=\"Nagroda Artystyczna Miasta Szczecina\" style=\"outline: none;\">Nagrody Artystycznej Miasta Szczecina<\/a> w 2007 r.<\/strong><\/p>\n<p><span style=\"\"><img decoding=\"async\" alt=\"\" data-id=\"779\" width=\"423\" data-init-width=\"960\" height=\"279\" data-init-height=\"633\" title=\"NIebieski 70 x100 szyba\" src=\"\/\/baltykart.pl\/wp-content\/uploads\/2026\/03\/NIebieski-70-x100-szyba.jpg\" data-width=\"423\" data-height=\"279\" style=\"aspect-ratio: auto 960 \/ 633;\" ml-d=\"-2.5500000000000114\" mt-d=\"0\" loading=\"lazy\"><\/span><span style=\"\"><img decoding=\"async\" alt=\"\" data-id=\"778\" width=\"452\" data-init-width=\"800\" height=\"282\" data-init-height=\"499\" title=\"MW czerwony 80 120\" src=\"\/\/baltykart.pl\/wp-content\/uploads\/2026\/03\/MW-czerwony-80-120.jpg\" data-width=\"452\" data-height=\"282\" style=\"aspect-ratio: auto 800 \/ 499;\" ml-d=\"-3.187999999999988\" mt-d=\"0\" loading=\"lazy\"><\/span><span style=\"\"><img decoding=\"async\" alt=\"\" data-id=\"783\" width=\"392\" data-init-width=\"800\" height=\"288\" data-init-height=\"588\" title=\"graf kob\" src=\"\/\/baltykart.pl\/wp-content\/uploads\/2026\/03\/graf-kob.jpg\" data-width=\"392\" data-height=\"288\" style=\"aspect-ratio: auto 800 \/ 588;\" mt-d=\"0\" ml-d=\"-1.9250000000000114\" loading=\"lazy\"><\/span><\/p>\n<h1><span style=\"font-size: 57px !important;\">Galeria INFINITY-Mi\u0119dzyzdroje<\/span>&#8211;<span style=\"font-size: 38px !important;\">Bohater\u00f3w Warszawy 16 E<\/span><\/h1>\n<p><span style=\"\"><img decoding=\"async\" alt=\"\" data-id=\"791\" width=\"1080\" data-init-width=\"2048\" height=\"810\" data-init-height=\"1536\" title=\"Infinity budynek\" src=\"\/\/baltykart.pl\/wp-content\/uploads\/2026\/03\/Infinity-budynek.jpeg\" data-width=\"1080\" data-height=\"810\" style=\"aspect-ratio: auto 2048 \/ 1536;\" mt-d=\"-290\" ml-d=\"0\" center-v-d=\"false\" loading=\"lazy\"><\/span><\/p>\n","protected":false},"excerpt":{"rendered":"<p>Maciej Woltman Maciej Woltman Maciej Woltman&nbsp;\u2013 artysta plastyk, malarz, plakacista. Urodzi\u0142 si\u0119&nbsp;5 lutego&nbsp;1952&nbsp;roku, w&nbsp;1982&nbsp;roku sko\u0144czy\u0142 Pa\u0144stwow\u0105 Wy\u017csz\u0105 Szko\u0142\u0119 Sztuk Plastycznych w Poznaniu. Dyplom zdoby\u0142 w dziedzinie plakatu i ilustracji ksi\u0105\u017ckowej w pracowni prof. W. \u015awierzego oraz malarstwa w pracowni prof. J. \u015awitki. Po studiach wykonywa\u0142 liczne projekty plakat\u00f3w oraz ilustracji ksi\u0105\u017ckowych. Wsp\u00f3\u0142pracowa\u0142 z wydawnictwami oraz [&hellip;]<\/p>\n","protected":false},"author":1,"featured_media":0,"parent":0,"menu_order":0,"comment_status":"closed","ping_status":"closed","template":"","meta":{"footnotes":""},"class_list":["post-775","page","type-page","status-publish","hentry","post-wrapper","thrv_wrapper"],"_links":{"self":[{"href":"https:\/\/baltykart.pl\/index.php?rest_route=\/wp\/v2\/pages\/775","targetHints":{"allow":["GET"]}}],"collection":[{"href":"https:\/\/baltykart.pl\/index.php?rest_route=\/wp\/v2\/pages"}],"about":[{"href":"https:\/\/baltykart.pl\/index.php?rest_route=\/wp\/v2\/types\/page"}],"author":[{"embeddable":true,"href":"https:\/\/baltykart.pl\/index.php?rest_route=\/wp\/v2\/users\/1"}],"replies":[{"embeddable":true,"href":"https:\/\/baltykart.pl\/index.php?rest_route=%2Fwp%2Fv2%2Fcomments&post=775"}],"version-history":[{"count":13,"href":"https:\/\/baltykart.pl\/index.php?rest_route=\/wp\/v2\/pages\/775\/revisions"}],"predecessor-version":[{"id":895,"href":"https:\/\/baltykart.pl\/index.php?rest_route=\/wp\/v2\/pages\/775\/revisions\/895"}],"wp:attachment":[{"href":"https:\/\/baltykart.pl\/index.php?rest_route=%2Fwp%2Fv2%2Fmedia&parent=775"}],"curies":[{"name":"wp","href":"https:\/\/api.w.org\/{rel}","templated":true}]}}