{"id":637,"date":"2026-03-03T14:41:06","date_gmt":"2026-03-03T13:41:06","guid":{"rendered":"https:\/\/baltykart.pl\/?page_id=637"},"modified":"2026-04-05T15:46:46","modified_gmt":"2026-04-05T13:46:46","slug":"janusz-kokot","status":"publish","type":"page","link":"https:\/\/baltykart.pl\/?page_id=637","title":{"rendered":"Janusz Kokot"},"content":{"rendered":"<h1 style=\"\">Janusz Kokot<\/h1>\n<h1 style=\"\">Janusz Kokot<\/h1>\n<p><span style=\"\"><img decoding=\"async\" alt=\"\" data-id=\"632\" width=\"367\" data-init-width=\"1082\" height=\"544\" data-init-height=\"1604\" title=\"janusz kokot prof\" src=\"\/\/baltykart.pl\/wp-content\/uploads\/2026\/03\/janusz-kokot-prof.jpeg\" data-width=\"367\" data-height=\"544\" style=\"aspect-ratio: auto 1082 \/ 1604;\" mt-d=\"-13.699000000000012\" ml-d=\"0\" loading=\"lazy\"><\/span><\/p>\n<p style=\"\">Janusz Kokot urodzi\u0142 si\u0119 w Kaliszu w 1960 r. Studiowa\u0142 w Wy\u017cszej Szkole Pedagogicznej w Cz\u0119stochowie w Instytucie Artystycznym. Uprawia malarstwo i rysunek. W latach 1988-2020 zrealizowa\u0142 19 wystaw indywidualnych. Bra\u0142 udzia\u0142 w kilkudziesi\u0119ciu wystawach zbiorowych w kraju i za granic\u0105. Jest laureatem 13 nagr\u00f3d i wyr\u00f3\u017cnie\u0144 w konkursach og\u00f3lnopolskich.\u201eSztuka jest zadziwiaj\u0105cym zjawiskiem, \u017cywym i dynamicznym. Na przestrzeni dziej\u00f3w jej zasi\u0119g, rola i zadania nieustannie si\u0119 zmieniaj\u0105. Czasem sztuka s\u0142u\u017cy wy\u0142\u0105cznie wyra\u017caniu pi\u0119kna natury, a czasem w zmy\u015blny spos\u00f3b u\u017cywaj\u0105c tego pi\u0119kna, promuje teorie, pogl\u0105dy i idee. Formuje si\u0119 w style i kierunki. Wytycza trendy i kanony. Przymila si\u0119 gustom mecenas\u00f3w lub przeciwnie manifestuje swoj\u0105 niezale\u017cno\u015b\u0107. I niezmiennie od wiek\u00f3w wychwala talent jej tw\u00f3rc\u00f3w. Arty\u015bci, kt\u00f3rzy wytyczali jej drogi, budz\u0105 m\u00f3j podziw i szacunek, dlatego traktuj\u0119 ich jak bohater\u00f3w&#8221;<\/p>\n<p><span style=\"\"><img decoding=\"async\" alt=\"\" data-id=\"641\" width=\"553\" data-init-width=\"1600\" height=\"391\" data-init-height=\"1132\" title=\"J Kokot zasnierzone Pole\" src=\"\/\/baltykart.pl\/wp-content\/uploads\/2026\/03\/J-Kokot-zasnierzone-Pole.jpg\" data-width=\"553\" data-height=\"391\" style=\"aspect-ratio: auto 1600 \/ 1132;\" ml-d=\"-1.3999999999999773\" mt-d=\"0\" loading=\"lazy\"><\/span><span style=\"\"><img decoding=\"async\" alt=\"\" data-id=\"649\" width=\"350\" data-init-width=\"512\" height=\"492\" data-init-height=\"720\" title=\"sztorm JK\" src=\"\/\/baltykart.pl\/wp-content\/uploads\/2026\/03\/sztorm-JK.jpg\" data-width=\"350\" data-height=\"492\" style=\"aspect-ratio: auto 512 \/ 720;\" mt-d=\"-2.0249999999999773\" ml-d=\"0\" loading=\"lazy\"><\/span><span style=\"\"><img decoding=\"async\" alt=\"\" data-id=\"645\" width=\"350\" data-init-width=\"1455\" height=\"493\" data-init-height=\"2048\" title=\"Trango Tower - Karakoram\" src=\"\/\/baltykart.pl\/wp-content\/uploads\/2026\/03\/Trango-Tower-Karakoram.jpg\" data-width=\"350\" data-height=\"493\" style=\"aspect-ratio: auto 1455 \/ 2048;\" mt-d=\"-2.0259999999999536\" ml-d=\"0\" loading=\"lazy\"><\/span><span style=\"\"><img decoding=\"async\" alt=\"\" data-id=\"647\" width=\"774\" data-init-width=\"1856\" height=\"355\" data-init-height=\"853\" title=\"JK3\" src=\"\/\/baltykart.pl\/wp-content\/uploads\/2026\/03\/JK3.jpg\" data-width=\"774\" data-height=\"355\" style=\"aspect-ratio: auto 1856 \/ 853;\" mt-d=\"0\" ml-d=\"-200.33799999999997\" loading=\"lazy\"><\/span><\/p>\n<h1><span style=\"font-size: 57px !important;\">Galeria INFINITY-Mi\u0119dzyzdroje<\/span>&#8211;<span style=\"font-size: 38px !important;\">Bohater\u00f3w Warszawy 16 E<\/span><\/h1>\n<p><span style=\"\"><img decoding=\"async\" alt=\"\" data-id=\"791\" width=\"1080\" data-init-width=\"2048\" height=\"810\" data-init-height=\"1536\" title=\"Infinity budynek\" src=\"\/\/baltykart.pl\/wp-content\/uploads\/2026\/03\/Infinity-budynek.jpeg\" data-width=\"1080\" data-height=\"810\" style=\"aspect-ratio: auto 2048 \/ 1536;\" ml-d=\"0\" mt-d=\"-174\" center-v-d=\"false\" loading=\"lazy\"><\/span><\/p>\n","protected":false},"excerpt":{"rendered":"<p>Janusz Kokot Janusz Kokot Janusz Kokot urodzi\u0142 si\u0119 w Kaliszu w 1960 r. Studiowa\u0142 w Wy\u017cszej Szkole Pedagogicznej w Cz\u0119stochowie w Instytucie Artystycznym. Uprawia malarstwo i rysunek. W latach 1988-2020 zrealizowa\u0142 19 wystaw indywidualnych. Bra\u0142 udzia\u0142 w kilkudziesi\u0119ciu wystawach zbiorowych w kraju i za granic\u0105. Jest laureatem 13 nagr\u00f3d i wyr\u00f3\u017cnie\u0144 w konkursach og\u00f3lnopolskich.\u201eSztuka jest [&hellip;]<\/p>\n","protected":false},"author":1,"featured_media":0,"parent":0,"menu_order":0,"comment_status":"closed","ping_status":"closed","template":"","meta":{"footnotes":""},"class_list":["post-637","page","type-page","status-publish","hentry","post-wrapper","thrv_wrapper"],"_links":{"self":[{"href":"https:\/\/baltykart.pl\/index.php?rest_route=\/wp\/v2\/pages\/637","targetHints":{"allow":["GET"]}}],"collection":[{"href":"https:\/\/baltykart.pl\/index.php?rest_route=\/wp\/v2\/pages"}],"about":[{"href":"https:\/\/baltykart.pl\/index.php?rest_route=\/wp\/v2\/types\/page"}],"author":[{"embeddable":true,"href":"https:\/\/baltykart.pl\/index.php?rest_route=\/wp\/v2\/users\/1"}],"replies":[{"embeddable":true,"href":"https:\/\/baltykart.pl\/index.php?rest_route=%2Fwp%2Fv2%2Fcomments&post=637"}],"version-history":[{"count":16,"href":"https:\/\/baltykart.pl\/index.php?rest_route=\/wp\/v2\/pages\/637\/revisions"}],"predecessor-version":[{"id":903,"href":"https:\/\/baltykart.pl\/index.php?rest_route=\/wp\/v2\/pages\/637\/revisions\/903"}],"wp:attachment":[{"href":"https:\/\/baltykart.pl\/index.php?rest_route=%2Fwp%2Fv2%2Fmedia&parent=637"}],"curies":[{"name":"wp","href":"https:\/\/api.w.org\/{rel}","templated":true}]}}